 1 + (-190)/(-4) - (-72)/48. Calculate the highest common factor of q and t.
25
Let j be (-40)/(-25) + (2734/4)/((-20)/(-8)). Let i(l) = 10*l**2 - l. Let b be i(-1). What is the greatest common factor of j and b?
11
Let x be 12 - -282 - (0/(-2) - 4 - -10). Calculate the highest common factor of 3264 and x.
96
Suppose w + 5*o = -0*w + 358, -5*o - 15 = 0. Suppose -2*d + w - 51 = 0. Suppose 5*l - d = -2*l. Calculate the greatest common divisor of 23 and l.
23
Let i(h) = 4*h**2 - 230*h - 1356. Let v be i(-6). What is the highest common factor of 5334 and v?
42
Suppose 6*w - 10*w = 4*u - 22004, -2*w + 10996 = -u. Suppose -85*b = -72*b - w. What is the highest common divisor of b and 9?
9
Suppose 616546 = -148*p + 1188382 + 638952. Calculate the highest common divisor of p and 81.
81
Suppose 7*q - 103968 = -25*q. Let r = 4733 - q. Calculate the greatest common divisor of r and 106.
106
Let u(h) = -h**2 + 2*h. Let z be u(5). Let q = -5 - z. Let p(v) = -6*v - 248. Let x be p(-53). What is the greatest common factor of q and x?
10
Let s be 3/9 - 20/15. Let a be (0 - s)/((-15)/40035). Let m be 3/5 + a/(-85). Calculate the highest common divisor of m and 96.
32
Let k = 4285 + -4204. Calculate the greatest common divisor of k and 135.
27
Let a = -10083 + 10094. Let f be -2 + 0 + 0 - -201. Suppose -67 = 3*t - f. What is the highest common factor of a and t?
11
Let w(d) be the second derivative of d**3 - 13*d**2 - 9*d. Let z be w(7). Calculate the greatest common factor of 16 and z.
16
Let x = -752 + 779. What is the highest common divisor of 2727 and x?
27
Let k(x) = 11*x - 720. Let p be k(68). Calculate the greatest common divisor of 1946 and p.
14
Suppose 5569 + 8381 = 6*l. Calculate the greatest common divisor of l and 75.
75
Let p = -104 + 105. Let j be (-400)/(-75) - p/3. Calculate the highest common divisor of j and 2.
1
Let m = -17 + 17. Suppose -2*r = 3*w - 290, m*r = -w - 2*r + 94. Let k = 19 - 5. Calculate the greatest common divisor of k and w.
14
Let d = -64 - -12. Let a be 56*d/16*-1. Let n(b) = b**3 + 3*b**2 - 5*b + 10. Let v be n(-4). What is the highest common divisor of a and v?
14
Suppose 4*p - 9 = -41, -p - 32264 = -7*l. Calculate the highest common divisor of l and 252.
36
Let h(n) = -248*n - 101. Let k be h(-5). Let o = -1053 + k. What is the greatest common factor of o and 258?
86
Suppose 0 = -4*y - x - 1855, -3*y + 5*x + 80 - 1477 = 0. Let w = y + 476. Calculate the greatest common divisor of 9 and w.
3
Let t be -3 + ((-2)/2 - (-343 + 17 + -29)). What is the highest common divisor of 189 and t?
27
Let x = -4607 + 5179. What is the greatest common divisor of 832 and x?
52
Let j(c) = 10*c**3 - 3*c**2 + 2*c - 9. Let y be j(3). Let t be (-24)/(-10) + (-96)/y. Calculate the greatest common factor of t and 1.
1
Let c(a) = a**3 - 39*a**2 + 332*a + 9. Let p be c(27). Calculate the greatest common factor of 747 and p.
9
Let l(p) = 3*p**2 + 6*p - 4. Let k be l(6). Let x be ((-6 - -9) + -447)*6/8. Let d = 361 + x. What is the highest common factor of d and k?
28
Let z(u) = u**3 + 2*u**2 - 6*u + 7. Let m be z(-3). What is the highest common divisor of 1552 and m?
16
Let w be (124/(-9))/(171/(-1539)). Calculate the greatest common divisor of w and 2356.
124
Let n be 4335/510*16/17. Suppose 2*f = -2*y - 0*f + 224, 0 = 2*y - 3*f - 244. What is the greatest common divisor of n and y?
4
Let l = 1661 - 1793. Let g(o) = -o**3 + 5*o**2 + o + 1. Let a be g(-4). Let i = a + l. What is the greatest common factor of 9 and i?
9
Let h = -3438 - -3598. Calculate the highest common factor of h and 380.
20
Suppose 0 = -6*h + 4*h + 22. Let p be 4 - (0 + -138 - -2). Suppose -p + 492 = 4*j. What is the highest common factor of j and h?
11
Let j be (64*10)/((-8)/12*24/(-16)). Let h(a) = -a**3 - 5*a**2 + 4. Let o be h(-6). Calculate the highest common factor of j and o.
40
Suppose -2*d + 86 = 3*l, -12*d - 154 = -5*l - 10*d. What is the highest common divisor of l and 25860?
30
Suppose 0 = -4*f + 6*f - 18. Suppose -118 + 238 = 12*g. Let c be (1/(-13 + g))/(2/(-216)). What is the highest common factor of c and f?
9
Let y = -46 + 49. Suppose 0 = -5*r + 3*n + 315, y*n - 92 - 121 = -3*r. Calculate the highest common factor of r and 99.
33
Suppose -7*a + 24 + 144 = 0. Suppose -275 - 253 = -a*x. What is the greatest common factor of x and 110?
22
Let s = 5816 - 5616. What is the greatest common factor of 95 and s?
5
Let s(a) = -2*a + 4. Let v be s(-10). Let f(m) = 15*m - 43*m + 47*m + 45*m. Let i be f(3). Calculate the highest common factor of v and i.
24
Let p be 24/32 + (-2)/(-8). Suppose 0 = -6*z + z. Let l be z + 0 + (1 + p)*30. Calculate the highest common divisor of l and 15.
15
Suppose -3*r = -2*r + 5*b - 29, -5*b - 25 = -5*r. Let o(u) = u**3 + 17*u**2 - 643*u - 68. Let h be o(-35). Calculate the highest common divisor of r and h.
9
Let o be (3 - (-23463)/(-6))*40/(-50). What is the highest common factor of 12 and o?
6
Let r be ((-28)/21)/((-1)/(-3)). Let i be -1*(-2)/r*2. Let s be (1 + i/(-2))*116/6. Calculate the highest common divisor of 232 and s.
29
Let a(h) = h**2 - 13*h + 23. Let o be a(11). Let x(b) = 2310*b - 6. Let c be x(o). Suppose 33*d - 41*d + c = 0. What is the greatest common divisor of 32 and d?
32
Let p = 1456 - 1445. What is the highest common factor of 209 and p?
11
Let y(q) = -q**3 - 20*q**2 + 9*q - 170. Let s be 94/(-4) - 42/(-28). Let n be y(s). Calculate the greatest common divisor of 40 and n.
40
Let n = -6099 + 6133. Let v = -655 + 1182. Calculate the greatest common factor of v and n.
17
Suppose 4*r + a - 557 = 0, -4*a - 642 = -4*r - 70. Calculate the highest common factor of 84 and r.
28
Let s = 34 - 20. Let c = 325 + -297. Suppose 103*f = 99*f + c. What is the greatest common divisor of f and s?
7
Let x = -58 - -486. Let r = x - 207. Suppose r + 143 = 4*n. Calculate the highest common divisor of n and 13.
13
Suppose -75*a = -68*a + 63. Suppose -4*j = -2*n - 62, -4*j + j = -4*n - 39. Let u = j + a. What is the highest common factor of u and 40?
8
Suppose 97*s + 59*s = 1248. What is the highest common divisor of 404 and s?
4
Let v(y) = 40*y + 6. Let m be 2 + 0 + (-6)/(-5 - 1). Let r be v(m). Calculate the greatest common factor of 54 and r.
18
Suppose -63*q + 66*q = 0, -5*u - 3*q = -375. What is the greatest common divisor of u and 39?
3
Suppose 2*j - 58 + 8 = 0. Let m = 6333 - 6058. Calculate the highest common factor of j and m.
25
Let g = 889 - 769. What is the highest common factor of 2025 and g?
15
Let q = -14258 - -14378. Calculate the highest common factor of 40 and q.
40
Suppose -f + 13 = 7, -3*m + 8535 = 3*f. Calculate the highest common factor of 34 and m.
17
Suppose 0 = -o + 5*o - 196. Suppose -628*m + 4*s = -633*m + 31, -3*m = -s - 22. What is the highest common factor of m and o?
7
Let r be 0/(-30) - (2/(-14) + (-33942)/7). Calculate the greatest common divisor of r and 13.
13
Suppose -916 = -6*w + o, 2*o + 616 = -15*w + 19*w. What is the greatest common divisor of 513 and w?
19
Suppose -34 = -d - 5*n + 2*n, 4*n = -2*d + 72. Let c be (-4)/(d/95)*-26. Let a = 77 + c. What is the highest common factor of 36 and a?
36
Let u = 34094 + 3446. Calculate the highest common divisor of 20 and u.
20
Let s = 24 - 21. Suppose -36 = s*n + 3*f, -2*f - 7 = n - 6*f. Let u be (0 - 1) + (-4 - n). What is the greatest common factor of u and 54?
6
Suppose 36428 - 24931 = 189*x - 30272. Calculate the greatest common factor of x and 1157.
13
Suppose 5*w = -25 - 5. Let x be 84/w*2/(-4). Calculate the greatest common factor of x and 2.
1
Suppose 0*b - 400 = -8*b. Suppose 2*x - b + 188 = 0. Let q = -54 - x. Calculate the greatest common divisor of 240 and q.
15
Let i be 351/(-39) + (2 - -2). Let f be (10/25)/(i/(-250)). Calculate the highest common factor of 4 and f.
4
Suppose -2*r - 58 = 4*p - 20, r - 4*p = 11. Let k be (5/15)/(3/r)*-10. What is the greatest common divisor of 45 and k?
5
Let s(d) = 4*d - 21. Let x = 21 - 13. Let j be s(x). Let u be (((-22)/(-4))/j)/(1/42). Calculate the greatest common divisor of 168 and u.
21
Suppose -3*n - 156 + 546 = 0. Suppose t - k = -3*k + 27, 4*t = 3*k + n. Let f(u) = 4*u - 1. Let a be f(8). Calculate the highest common factor of a and t.
31
Let l(c) = c**3 + c**2. Let g be l(-1). Suppose 3*m - 77 - 280 = g